{"id":3342,"date":"2019-12-10T22:29:26","date_gmt":"2019-12-10T22:29:26","guid":{"rendered":"https:\/\/carboagricola.com\/?post_type=product&#038;p=3342"},"modified":"2019-12-10T22:33:31","modified_gmt":"2019-12-10T22:33:31","slug":"bulto-de-lena-retal","status":"publish","type":"product","link":"https:\/\/carboagricola.com\/index.php\/producto\/bulto-de-lena-retal\/","title":{"rendered":"Bulto de Le\u00f1a Retal"},"content":{"rendered":"<table width=\"100%\">\n<tbody>\n<tr>\n<td width=\"11%\"><strong>Encendido:<\/strong>\u00a0Medio<\/td>\n<\/tr>\n<tr>\n<td width=\"11%\"><strong>Duraci\u00f3n:<\/strong>\u00a0alta<\/td>\n<\/tr>\n<tr>\n<td width=\"11%\"><strong>Peso:<\/strong>\u00a010 kg aprox<\/td>\n<\/tr>\n<\/tbody>\n<\/table>\n","protected":false},"excerpt":{"rendered":"<ul>\n<li>Selecci\u00f3n de cortes de le\u00f1a\/madera empacados en bulto.<\/li>\n<li>Madera seleccionada, ideal para rendir el fuego.<\/li>\n<li><strong>Usos:<\/strong> chimenea, fogata.<\/li>\n<\/ul>\n<h3><img loading=\"lazy\" decoding=\"async\" class=\"alignnone wp-image-3337 size-thumbnail\" src=\"https:\/\/carboagricola.com\/wp-content\/uploads\/2019\/12\/camion-de-reparto-150x150.png\" alt=\"\" width=\"150\" height=\"150\" srcset=\"https:\/\/carboagricola.com\/wp-content\/uploads\/2019\/12\/camion-de-reparto-150x150.png 150w, https:\/\/carboagricola.com\/wp-content\/uploads\/2019\/12\/camion-de-reparto-300x300.png 300w, https:\/\/carboagricola.com\/wp-content\/uploads\/2019\/12\/camion-de-reparto-100x100.png 100w, https:\/\/carboagricola.com\/wp-content\/uploads\/2019\/12\/camion-de-reparto.png 512w\" sizes=\"(max-width: 150px) 100vw, 150px\" \/> Env\u00edos a Bogot\u00e1 y alrededores<\/h3>\n","protected":false},"featured_media":3343,"comment_status":"open","ping_status":"closed","template":"","meta":[],"product_cat":[163],"product_tag":[169],"yoast_head":"<!-- This site is optimized with the Yoast SEO plugin v22.5 - https:\/\/yoast.com\/wordpress\/plugins\/seo\/ -->\n<title>Bulto de Le\u00f1a Retal - Carbo Agr\u00edcola Colombia<\/title>\n<meta name=\"robots\" content=\"index, follow, max-snippet:-1, max-image-preview:large, max-video-preview:-1\" \/>\n<link rel=\"canonical\" href=\"https:\/\/carboagricola.com\/index.php\/producto\/bulto-de-lena-retal\/\" \/>\n<meta property=\"og:locale\" content=\"es_ES\" \/>\n<meta property=\"og:type\" content=\"article\" \/>\n<meta property=\"og:title\" content=\"Bulto de Le\u00f1a Retal - Carbo Agr\u00edcola Colombia\" \/>\n<meta property=\"og:description\" content=\"Selecci\u00f3n de cortes de le\u00f1a\/madera empacados en bulto.  Madera seleccionada, ideal para rendir el fuego.  Usos: chimenea, fogata.   Env\u00edos a Bogot\u00e1 y alrededores\" \/>\n<meta property=\"og:url\" content=\"https:\/\/carboagricola.com\/index.php\/producto\/bulto-de-lena-retal\/\" \/>\n<meta property=\"og:site_name\" content=\"Carbo Agr\u00edcola Colombia\" \/>\n<meta property=\"article:modified_time\" content=\"2019-12-10T22:33:31+00:00\" \/>\n<meta property=\"og:image\" content=\"https:\/\/carboagricola.com\/wp-content\/uploads\/2019\/12\/png-2653383_640.png\" \/>\n\t<meta property=\"og:image:width\" content=\"640\" \/>\n\t<meta property=\"og:image:height\" content=\"411\" \/>\n\t<meta property=\"og:image:type\" content=\"image\/png\" \/>\n<meta name=\"twitter:card\" content=\"summary_large_image\" \/>\n<script type=\"application\/ld+json\" class=\"yoast-schema-graph\">{\"@context\":\"https:\/\/schema.org\",\"@graph\":[{\"@type\":\"WebPage\",\"@id\":\"https:\/\/carboagricola.com\/index.php\/producto\/bulto-de-lena-retal\/\",\"url\":\"https:\/\/carboagricola.com\/index.php\/producto\/bulto-de-lena-retal\/\",\"name\":\"Bulto de Le\u00f1a Retal - Carbo Agr\u00edcola Colombia\",\"isPartOf\":{\"@id\":\"https:\/\/carboagricola.com\/#website\"},\"primaryImageOfPage\":{\"@id\":\"https:\/\/carboagricola.com\/index.php\/producto\/bulto-de-lena-retal\/#primaryimage\"},\"image\":{\"@id\":\"https:\/\/carboagricola.com\/index.php\/producto\/bulto-de-lena-retal\/#primaryimage\"},\"thumbnailUrl\":\"https:\/\/carboagricola.com\/wp-content\/uploads\/2019\/12\/png-2653383_640.png\",\"datePublished\":\"2019-12-10T22:29:26+00:00\",\"dateModified\":\"2019-12-10T22:33:31+00:00\",\"breadcrumb\":{\"@id\":\"https:\/\/carboagricola.com\/index.php\/producto\/bulto-de-lena-retal\/#breadcrumb\"},\"inLanguage\":\"es\",\"potentialAction\":[{\"@type\":\"ReadAction\",\"target\":[\"https:\/\/carboagricola.com\/index.php\/producto\/bulto-de-lena-retal\/\"]}]},{\"@type\":\"ImageObject\",\"inLanguage\":\"es\",\"@id\":\"https:\/\/carboagricola.com\/index.php\/producto\/bulto-de-lena-retal\/#primaryimage\",\"url\":\"https:\/\/carboagricola.com\/wp-content\/uploads\/2019\/12\/png-2653383_640.png\",\"contentUrl\":\"https:\/\/carboagricola.com\/wp-content\/uploads\/2019\/12\/png-2653383_640.png\",\"width\":640,\"height\":411},{\"@type\":\"BreadcrumbList\",\"@id\":\"https:\/\/carboagricola.com\/index.php\/producto\/bulto-de-lena-retal\/#breadcrumb\",\"itemListElement\":[{\"@type\":\"ListItem\",\"position\":1,\"name\":\"Portada\",\"item\":\"https:\/\/carboagricola.com\/\"},{\"@type\":\"ListItem\",\"position\":2,\"name\":\"Tienda\",\"item\":\"https:\/\/carboagricola.com\/index.php\/tienda\/\"},{\"@type\":\"ListItem\",\"position\":3,\"name\":\"Bulto de Le\u00f1a Retal\"}]},{\"@type\":\"WebSite\",\"@id\":\"https:\/\/carboagricola.com\/#website\",\"url\":\"https:\/\/carboagricola.com\/\",\"name\":\"Carbo Agr\u00edcola Colombia\",\"description\":\"\",\"potentialAction\":[{\"@type\":\"SearchAction\",\"target\":{\"@type\":\"EntryPoint\",\"urlTemplate\":\"https:\/\/carboagricola.com\/?s={search_term_string}\"},\"query-input\":\"required name=search_term_string\"}],\"inLanguage\":\"es\"}]}<\/script>\n<!-- \/ Yoast SEO plugin. -->","yoast_head_json":{"title":"Bulto de Le\u00f1a Retal - Carbo Agr\u00edcola Colombia","robots":{"index":"index","follow":"follow","max-snippet":"max-snippet:-1","max-image-preview":"max-image-preview:large","max-video-preview":"max-video-preview:-1"},"canonical":"https:\/\/carboagricola.com\/index.php\/producto\/bulto-de-lena-retal\/","og_locale":"es_ES","og_type":"article","og_title":"Bulto de Le\u00f1a Retal - Carbo Agr\u00edcola Colombia","og_description":"Selecci\u00f3n de cortes de le\u00f1a\/madera empacados en bulto.  Madera seleccionada, ideal para rendir el fuego.  Usos: chimenea, fogata.   Env\u00edos a Bogot\u00e1 y alrededores","og_url":"https:\/\/carboagricola.com\/index.php\/producto\/bulto-de-lena-retal\/","og_site_name":"Carbo Agr\u00edcola Colombia","article_modified_time":"2019-12-10T22:33:31+00:00","og_image":[{"width":640,"height":411,"url":"https:\/\/carboagricola.com\/wp-content\/uploads\/2019\/12\/png-2653383_640.png","type":"image\/png"}],"twitter_card":"summary_large_image","schema":{"@context":"https:\/\/schema.org","@graph":[{"@type":"WebPage","@id":"https:\/\/carboagricola.com\/index.php\/producto\/bulto-de-lena-retal\/","url":"https:\/\/carboagricola.com\/index.php\/producto\/bulto-de-lena-retal\/","name":"Bulto de Le\u00f1a Retal - Carbo Agr\u00edcola Colombia","isPartOf":{"@id":"https:\/\/carboagricola.com\/#website"},"primaryImageOfPage":{"@id":"https:\/\/carboagricola.com\/index.php\/producto\/bulto-de-lena-retal\/#primaryimage"},"image":{"@id":"https:\/\/carboagricola.com\/index.php\/producto\/bulto-de-lena-retal\/#primaryimage"},"thumbnailUrl":"https:\/\/carboagricola.com\/wp-content\/uploads\/2019\/12\/png-2653383_640.png","datePublished":"2019-12-10T22:29:26+00:00","dateModified":"2019-12-10T22:33:31+00:00","breadcrumb":{"@id":"https:\/\/carboagricola.com\/index.php\/producto\/bulto-de-lena-retal\/#breadcrumb"},"inLanguage":"es","potentialAction":[{"@type":"ReadAction","target":["https:\/\/carboagricola.com\/index.php\/producto\/bulto-de-lena-retal\/"]}]},{"@type":"ImageObject","inLanguage":"es","@id":"https:\/\/carboagricola.com\/index.php\/producto\/bulto-de-lena-retal\/#primaryimage","url":"https:\/\/carboagricola.com\/wp-content\/uploads\/2019\/12\/png-2653383_640.png","contentUrl":"https:\/\/carboagricola.com\/wp-content\/uploads\/2019\/12\/png-2653383_640.png","width":640,"height":411},{"@type":"BreadcrumbList","@id":"https:\/\/carboagricola.com\/index.php\/producto\/bulto-de-lena-retal\/#breadcrumb","itemListElement":[{"@type":"ListItem","position":1,"name":"Portada","item":"https:\/\/carboagricola.com\/"},{"@type":"ListItem","position":2,"name":"Tienda","item":"https:\/\/carboagricola.com\/index.php\/tienda\/"},{"@type":"ListItem","position":3,"name":"Bulto de Le\u00f1a Retal"}]},{"@type":"WebSite","@id":"https:\/\/carboagricola.com\/#website","url":"https:\/\/carboagricola.com\/","name":"Carbo Agr\u00edcola Colombia","description":"","potentialAction":[{"@type":"SearchAction","target":{"@type":"EntryPoint","urlTemplate":"https:\/\/carboagricola.com\/?s={search_term_string}"},"query-input":"required name=search_term_string"}],"inLanguage":"es"}]}},"_links":{"self":[{"href":"https:\/\/carboagricola.com\/index.php\/wp-json\/wp\/v2\/product\/3342"}],"collection":[{"href":"https:\/\/carboagricola.com\/index.php\/wp-json\/wp\/v2\/product"}],"about":[{"href":"https:\/\/carboagricola.com\/index.php\/wp-json\/wp\/v2\/types\/product"}],"replies":[{"embeddable":true,"href":"https:\/\/carboagricola.com\/index.php\/wp-json\/wp\/v2\/comments?post=3342"}],"wp:featuredmedia":[{"embeddable":true,"href":"https:\/\/carboagricola.com\/index.php\/wp-json\/wp\/v2\/media\/3343"}],"wp:attachment":[{"href":"https:\/\/carboagricola.com\/index.php\/wp-json\/wp\/v2\/media?parent=3342"}],"wp:term":[{"taxonomy":"product_cat","embeddable":true,"href":"https:\/\/carboagricola.com\/index.php\/wp-json\/wp\/v2\/product_cat?post=3342"},{"taxonomy":"product_tag","embeddable":true,"href":"https:\/\/carboagricola.com\/index.php\/wp-json\/wp\/v2\/product_tag?post=3342"}],"curies":[{"name":"wp","href":"https:\/\/api.w.org\/{rel}","templated":true}]}}

Bulto de Leña Retal

<table width="100%">
<tbody>
<tr>
<td width="11%"><strong>Encendido:</strong> Medio</td>
</tr>
<tr>
<td width="11%"><strong>Duración:</strong> alta</td>
</tr>
<tr>
<td width="11%"><strong>Peso:</strong> 10 kg aprox</td>
</tr>
</tbody>
</table>

<ul>
<li>Selección de cortes de leña/madera empacados en bulto.</li>
<li>Madera seleccionada, ideal para rendir el fuego.</li>
<li><strong>Usos:</strong> chimenea, fogata.</li>
</ul>
<h3><img loading="lazy" decoding="async" class="alignnone wp-image-3337 size-thumbnail" src="https://carboagricola.com/wp-content/uploads/2019/12/camion-de-reparto-150x150.png" alt="" width="150" height="150" srcset="https://carboagricola.com/wp-content/uploads/2019/12/camion-de-reparto-150x150.png 150w, https://carboagricola.com/wp-content/uploads/2019/12/camion-de-reparto-300x300.png 300w, https://carboagricola.com/wp-content/uploads/2019/12/camion-de-reparto-100x100.png 100w, https://carboagricola.com/wp-content/uploads/2019/12/camion-de-reparto.png 512w" sizes="(max-width: 150px) 100vw, 150px" /> Envíos a Bogotá y alrededores</h3>

<!-- This site is optimized with the Yoast SEO plugin v22.5 - https://yoast.com/wordpress/plugins/seo/ -->
<title>Bulto de Leña Retal - Carbo Agrícola Colombia</title>
<meta name="robots" content="index, follow, max-snippet:-1, max-image-preview:large, max-video-preview:-1" />
<link rel="canonical" href="https://carboagricola.com/index.php/producto/bulto-de-lena-retal/" />
<meta property="og:locale" content="es_ES" />
<meta property="og:type" content="article" />
<meta property="og:title" content="Bulto de Leña Retal - Carbo Agrícola Colombia" />
<meta property="og:description" content="Selección de cortes de leña/madera empacados en bulto.  Madera seleccionada, ideal para rendir el fuego.  Usos: chimenea, fogata.   Envíos a Bogotá y alrededores" />
<meta property="og:url" content="https://carboagricola.com/index.php/producto/bulto-de-lena-retal/" />
<meta property="og:site_name" content="Carbo Agrícola Colombia" />
<meta property="article:modified_time" content="2019-12-10T22:33:31+00:00" />
<meta property="og:image" content="https://carboagricola.com/wp-content/uploads/2019/12/png-2653383_640.png" />
	<meta property="og:image:width" content="640" />
	<meta property="og:image:height" content="411" />
	<meta property="og:image:type" content="image/png" />
<meta name="twitter:card" content="summary_large_image" />
<script type="application/ld+json" class="yoast-schema-graph">{"@context":"https://schema.org","@graph":[{"@type":"WebPage","@id":"https://carboagricola.com/index.php/producto/bulto-de-lena-retal/","url":"https://carboagricola.com/index.php/producto/bulto-de-lena-retal/","name":"Bulto de Leña Retal - Carbo Agrícola Colombia","isPartOf":{"@id":"https://carboagricola.com/#website"},"primaryImageOfPage":{"@id":"https://carboagricola.com/index.php/producto/bulto-de-lena-retal/#primaryimage"},"image":{"@id":"https://carboagricola.com/index.php/producto/bulto-de-lena-retal/#primaryimage"},"thumbnailUrl":"https://carboagricola.com/wp-content/uploads/2019/12/png-2653383_640.png","datePublished":"2019-12-10T22:29:26+00:00","dateModified":"2019-12-10T22:33:31+00:00","breadcrumb":{"@id":"https://carboagricola.com/index.php/producto/bulto-de-lena-retal/#breadcrumb"},"inLanguage":"es","potentialAction":[{"@type":"ReadAction","target":["https://carboagricola.com/index.php/producto/bulto-de-lena-retal/"]}]},{"@type":"ImageObject","inLanguage":"es","@id":"https://carboagricola.com/index.php/producto/bulto-de-lena-retal/#primaryimage","url":"https://carboagricola.com/wp-content/uploads/2019/12/png-2653383_640.png","contentUrl":"https://carboagricola.com/wp-content/uploads/2019/12/png-2653383_640.png","width":640,"height":411},{"@type":"BreadcrumbList","@id":"https://carboagricola.com/index.php/producto/bulto-de-lena-retal/#breadcrumb","itemListElement":[{"@type":"ListItem","position":1,"name":"Portada","item":"https://carboagricola.com/"},{"@type":"ListItem","position":2,"name":"Tienda","item":"https://carboagricola.com/index.php/tienda/"},{"@type":"ListItem","position":3,"name":"Bulto de Leña Retal"}]},{"@type":"WebSite","@id":"https://carboagricola.com/#website","url":"https://carboagricola.com/","name":"Carbo Agrícola Colombia","description":"","potentialAction":[{"@type":"SearchAction","target":{"@type":"EntryPoint","urlTemplate":"https://carboagricola.com/?s={search_term_string}"},"query-input":"required name=search_term_string"}],"inLanguage":"es"}]}</script>
<!-- / Yoast SEO plugin. -->

Bulto de Leña Retal - Carbo Agrícola Colombia

Selección de cortes de leña/madera empacados en bulto.  Madera seleccionada, ideal para rendir el fuego.  Usos: chimenea, fogata.   Envíos a Bogotá y alrededores

Carbo Agrícola Colombia
