{"id":3349,"date":"2019-12-10T22:37:18","date_gmt":"2019-12-10T22:37:18","guid":{"rendered":"https:\/\/carboagricola.com\/?post_type=product&#038;p=3349"},"modified":"2021-07-07T08:06:26","modified_gmt":"2021-07-07T08:06:26","slug":"lena-de-pino","status":"publish","type":"product","link":"https:\/\/carboagricola.com\/index.php\/producto\/lena-de-pino\/","title":{"rendered":"Le\u00f1a de Pino"},"content":{"rendered":"<table width=\"100%\">\n<tbody>\n<tr>\n<td width=\"11%\"><strong>Encendido:<\/strong>\u00a0rapido<\/td>\n<\/tr>\n<tr>\n<td width=\"11%\"><strong>Duraci\u00f3n:<\/strong>\u00a0media<\/td>\n<\/tr>\n<tr>\n<td width=\"11%\"><strong>Peso:<\/strong>\u00a04 kg aprox<\/td>\n<\/tr>\n<tr>\n<td width=\"11%\">Recomendamos prender con pino inicialmente y luego meter otras le\u00f1as al fuego generado por esta.<\/td>\n<\/tr>\n<\/tbody>\n<\/table>\n","protected":false},"excerpt":{"rendered":"<ul>\n<li>Astillas le\u00f1a de pino empacadas en atado.<\/li>\n<li>Para iniciar el fuego por su consumo r\u00e1pido<\/li>\n<li><strong>Usos:<\/strong>\u00a0chimenea, fogata, asado, lomo al trapo<\/li>\n<\/ul>\n<h3><img loading=\"lazy\" decoding=\"async\" class=\"alignnone wp-image-3337 size-thumbnail\" src=\"https:\/\/carboagricola.com\/wp-content\/uploads\/2019\/12\/camion-de-reparto-150x150.png\" alt=\"\" width=\"150\" height=\"150\" srcset=\"https:\/\/carboagricola.com\/wp-content\/uploads\/2019\/12\/camion-de-reparto-150x150.png 150w, https:\/\/carboagricola.com\/wp-content\/uploads\/2019\/12\/camion-de-reparto-300x300.png 300w, https:\/\/carboagricola.com\/wp-content\/uploads\/2019\/12\/camion-de-reparto-100x100.png 100w, https:\/\/carboagricola.com\/wp-content\/uploads\/2019\/12\/camion-de-reparto.png 512w\" sizes=\"(max-width: 150px) 100vw, 150px\" \/> Env\u00edos a Bogot\u00e1 y alrededores<\/h3>\n","protected":false},"featured_media":3353,"comment_status":"open","ping_status":"closed","template":"","meta":[],"product_cat":[163,165],"product_tag":[169],"yoast_head":"<!-- This site is optimized with the Yoast SEO plugin v22.5 - https:\/\/yoast.com\/wordpress\/plugins\/seo\/ -->\n<title>Le\u00f1a de Pino - Carbo Agr\u00edcola Colombia<\/title>\n<meta name=\"robots\" content=\"index, follow, max-snippet:-1, max-image-preview:large, max-video-preview:-1\" \/>\n<link rel=\"canonical\" href=\"https:\/\/carboagricola.com\/index.php\/producto\/lena-de-pino\/\" \/>\n<meta property=\"og:locale\" content=\"es_ES\" \/>\n<meta property=\"og:type\" content=\"article\" \/>\n<meta property=\"og:title\" content=\"Le\u00f1a de Pino - Carbo Agr\u00edcola Colombia\" \/>\n<meta property=\"og:description\" content=\"Astillas le\u00f1a de pino empacadas en atado.  Para iniciar el fuego por su consumo r\u00e1pido  Usos:\u00a0chimenea, fogata, asado, lomo al trapo   Env\u00edos a Bogot\u00e1 y alrededores\" \/>\n<meta property=\"og:url\" content=\"https:\/\/carboagricola.com\/index.php\/producto\/lena-de-pino\/\" \/>\n<meta property=\"og:site_name\" content=\"Carbo Agr\u00edcola Colombia\" \/>\n<meta property=\"article:modified_time\" content=\"2021-07-07T08:06:26+00:00\" \/>\n<meta property=\"og:image\" content=\"https:\/\/carboagricola.com\/wp-content\/uploads\/2019\/12\/lea-de-pino.png\" \/>\n\t<meta property=\"og:image:width\" content=\"696\" \/>\n\t<meta property=\"og:image:height\" content=\"696\" \/>\n\t<meta property=\"og:image:type\" content=\"image\/png\" \/>\n<meta name=\"twitter:card\" content=\"summary_large_image\" \/>\n<script type=\"application\/ld+json\" class=\"yoast-schema-graph\">{\"@context\":\"https:\/\/schema.org\",\"@graph\":[{\"@type\":\"WebPage\",\"@id\":\"https:\/\/carboagricola.com\/index.php\/producto\/lena-de-pino\/\",\"url\":\"https:\/\/carboagricola.com\/index.php\/producto\/lena-de-pino\/\",\"name\":\"Le\u00f1a de Pino - Carbo Agr\u00edcola Colombia\",\"isPartOf\":{\"@id\":\"https:\/\/carboagricola.com\/#website\"},\"primaryImageOfPage\":{\"@id\":\"https:\/\/carboagricola.com\/index.php\/producto\/lena-de-pino\/#primaryimage\"},\"image\":{\"@id\":\"https:\/\/carboagricola.com\/index.php\/producto\/lena-de-pino\/#primaryimage\"},\"thumbnailUrl\":\"https:\/\/carboagricola.com\/wp-content\/uploads\/2019\/12\/lea-de-pino.png\",\"datePublished\":\"2019-12-10T22:37:18+00:00\",\"dateModified\":\"2021-07-07T08:06:26+00:00\",\"breadcrumb\":{\"@id\":\"https:\/\/carboagricola.com\/index.php\/producto\/lena-de-pino\/#breadcrumb\"},\"inLanguage\":\"es\",\"potentialAction\":[{\"@type\":\"ReadAction\",\"target\":[\"https:\/\/carboagricola.com\/index.php\/producto\/lena-de-pino\/\"]}]},{\"@type\":\"ImageObject\",\"inLanguage\":\"es\",\"@id\":\"https:\/\/carboagricola.com\/index.php\/producto\/lena-de-pino\/#primaryimage\",\"url\":\"https:\/\/carboagricola.com\/wp-content\/uploads\/2019\/12\/lea-de-pino.png\",\"contentUrl\":\"https:\/\/carboagricola.com\/wp-content\/uploads\/2019\/12\/lea-de-pino.png\",\"width\":696,\"height\":696},{\"@type\":\"BreadcrumbList\",\"@id\":\"https:\/\/carboagricola.com\/index.php\/producto\/lena-de-pino\/#breadcrumb\",\"itemListElement\":[{\"@type\":\"ListItem\",\"position\":1,\"name\":\"Portada\",\"item\":\"https:\/\/carboagricola.com\/\"},{\"@type\":\"ListItem\",\"position\":2,\"name\":\"Tienda\",\"item\":\"https:\/\/carboagricola.com\/index.php\/tienda\/\"},{\"@type\":\"ListItem\",\"position\":3,\"name\":\"Le\u00f1a de Pino\"}]},{\"@type\":\"WebSite\",\"@id\":\"https:\/\/carboagricola.com\/#website\",\"url\":\"https:\/\/carboagricola.com\/\",\"name\":\"Carbo Agr\u00edcola Colombia\",\"description\":\"\",\"potentialAction\":[{\"@type\":\"SearchAction\",\"target\":{\"@type\":\"EntryPoint\",\"urlTemplate\":\"https:\/\/carboagricola.com\/?s={search_term_string}\"},\"query-input\":\"required name=search_term_string\"}],\"inLanguage\":\"es\"}]}<\/script>\n<!-- \/ Yoast SEO plugin. -->","yoast_head_json":{"title":"Le\u00f1a de Pino - Carbo Agr\u00edcola Colombia","robots":{"index":"index","follow":"follow","max-snippet":"max-snippet:-1","max-image-preview":"max-image-preview:large","max-video-preview":"max-video-preview:-1"},"canonical":"https:\/\/carboagricola.com\/index.php\/producto\/lena-de-pino\/","og_locale":"es_ES","og_type":"article","og_title":"Le\u00f1a de Pino - Carbo Agr\u00edcola Colombia","og_description":"Astillas le\u00f1a de pino empacadas en atado.  Para iniciar el fuego por su consumo r\u00e1pido  Usos:\u00a0chimenea, fogata, asado, lomo al trapo   Env\u00edos a Bogot\u00e1 y alrededores","og_url":"https:\/\/carboagricola.com\/index.php\/producto\/lena-de-pino\/","og_site_name":"Carbo Agr\u00edcola Colombia","article_modified_time":"2021-07-07T08:06:26+00:00","og_image":[{"width":696,"height":696,"url":"https:\/\/carboagricola.com\/wp-content\/uploads\/2019\/12\/lea-de-pino.png","type":"image\/png"}],"twitter_card":"summary_large_image","schema":{"@context":"https:\/\/schema.org","@graph":[{"@type":"WebPage","@id":"https:\/\/carboagricola.com\/index.php\/producto\/lena-de-pino\/","url":"https:\/\/carboagricola.com\/index.php\/producto\/lena-de-pino\/","name":"Le\u00f1a de Pino - Carbo Agr\u00edcola Colombia","isPartOf":{"@id":"https:\/\/carboagricola.com\/#website"},"primaryImageOfPage":{"@id":"https:\/\/carboagricola.com\/index.php\/producto\/lena-de-pino\/#primaryimage"},"image":{"@id":"https:\/\/carboagricola.com\/index.php\/producto\/lena-de-pino\/#primaryimage"},"thumbnailUrl":"https:\/\/carboagricola.com\/wp-content\/uploads\/2019\/12\/lea-de-pino.png","datePublished":"2019-12-10T22:37:18+00:00","dateModified":"2021-07-07T08:06:26+00:00","breadcrumb":{"@id":"https:\/\/carboagricola.com\/index.php\/producto\/lena-de-pino\/#breadcrumb"},"inLanguage":"es","potentialAction":[{"@type":"ReadAction","target":["https:\/\/carboagricola.com\/index.php\/producto\/lena-de-pino\/"]}]},{"@type":"ImageObject","inLanguage":"es","@id":"https:\/\/carboagricola.com\/index.php\/producto\/lena-de-pino\/#primaryimage","url":"https:\/\/carboagricola.com\/wp-content\/uploads\/2019\/12\/lea-de-pino.png","contentUrl":"https:\/\/carboagricola.com\/wp-content\/uploads\/2019\/12\/lea-de-pino.png","width":696,"height":696},{"@type":"BreadcrumbList","@id":"https:\/\/carboagricola.com\/index.php\/producto\/lena-de-pino\/#breadcrumb","itemListElement":[{"@type":"ListItem","position":1,"name":"Portada","item":"https:\/\/carboagricola.com\/"},{"@type":"ListItem","position":2,"name":"Tienda","item":"https:\/\/carboagricola.com\/index.php\/tienda\/"},{"@type":"ListItem","position":3,"name":"Le\u00f1a de Pino"}]},{"@type":"WebSite","@id":"https:\/\/carboagricola.com\/#website","url":"https:\/\/carboagricola.com\/","name":"Carbo Agr\u00edcola Colombia","description":"","potentialAction":[{"@type":"SearchAction","target":{"@type":"EntryPoint","urlTemplate":"https:\/\/carboagricola.com\/?s={search_term_string}"},"query-input":"required name=search_term_string"}],"inLanguage":"es"}]}},"_links":{"self":[{"href":"https:\/\/carboagricola.com\/index.php\/wp-json\/wp\/v2\/product\/3349"}],"collection":[{"href":"https:\/\/carboagricola.com\/index.php\/wp-json\/wp\/v2\/product"}],"about":[{"href":"https:\/\/carboagricola.com\/index.php\/wp-json\/wp\/v2\/types\/product"}],"replies":[{"embeddable":true,"href":"https:\/\/carboagricola.com\/index.php\/wp-json\/wp\/v2\/comments?post=3349"}],"wp:featuredmedia":[{"embeddable":true,"href":"https:\/\/carboagricola.com\/index.php\/wp-json\/wp\/v2\/media\/3353"}],"wp:attachment":[{"href":"https:\/\/carboagricola.com\/index.php\/wp-json\/wp\/v2\/media?parent=3349"}],"wp:term":[{"taxonomy":"product_cat","embeddable":true,"href":"https:\/\/carboagricola.com\/index.php\/wp-json\/wp\/v2\/product_cat?post=3349"},{"taxonomy":"product_tag","embeddable":true,"href":"https:\/\/carboagricola.com\/index.php\/wp-json\/wp\/v2\/product_tag?post=3349"}],"curies":[{"name":"wp","href":"https:\/\/api.w.org\/{rel}","templated":true}]}}

Leña de Pino

<table width="100%">
<tbody>
<tr>
<td width="11%"><strong>Encendido:</strong> rapido</td>
</tr>
<tr>
<td width="11%"><strong>Duración:</strong> media</td>
</tr>
<tr>
<td width="11%"><strong>Peso:</strong> 4 kg aprox</td>
</tr>
<tr>
<td width="11%">Recomendamos prender con pino inicialmente y luego meter otras leñas al fuego generado por esta.</td>
</tr>
</tbody>
</table>

<ul>
<li>Astillas leña de pino empacadas en atado.</li>
<li>Para iniciar el fuego por su consumo rápido</li>
<li><strong>Usos:</strong> chimenea, fogata, asado, lomo al trapo</li>
</ul>
<h3><img loading="lazy" decoding="async" class="alignnone wp-image-3337 size-thumbnail" src="https://carboagricola.com/wp-content/uploads/2019/12/camion-de-reparto-150x150.png" alt="" width="150" height="150" srcset="https://carboagricola.com/wp-content/uploads/2019/12/camion-de-reparto-150x150.png 150w, https://carboagricola.com/wp-content/uploads/2019/12/camion-de-reparto-300x300.png 300w, https://carboagricola.com/wp-content/uploads/2019/12/camion-de-reparto-100x100.png 100w, https://carboagricola.com/wp-content/uploads/2019/12/camion-de-reparto.png 512w" sizes="(max-width: 150px) 100vw, 150px" /> Envíos a Bogotá y alrededores</h3>

<!-- This site is optimized with the Yoast SEO plugin v22.5 - https://yoast.com/wordpress/plugins/seo/ -->
<title>Leña de Pino - Carbo Agrícola Colombia</title>
<meta name="robots" content="index, follow, max-snippet:-1, max-image-preview:large, max-video-preview:-1" />
<link rel="canonical" href="https://carboagricola.com/index.php/producto/lena-de-pino/" />
<meta property="og:locale" content="es_ES" />
<meta property="og:type" content="article" />
<meta property="og:title" content="Leña de Pino - Carbo Agrícola Colombia" />
<meta property="og:description" content="Astillas leña de pino empacadas en atado.  Para iniciar el fuego por su consumo rápido  Usos: chimenea, fogata, asado, lomo al trapo   Envíos a Bogotá y alrededores" />
<meta property="og:url" content="https://carboagricola.com/index.php/producto/lena-de-pino/" />
<meta property="og:site_name" content="Carbo Agrícola Colombia" />
<meta property="article:modified_time" content="2021-07-07T08:06:26+00:00" />
<meta property="og:image" content="https://carboagricola.com/wp-content/uploads/2019/12/lea-de-pino.png" />
	<meta property="og:image:width" content="696" />
	<meta property="og:image:height" content="696" />
	<meta property="og:image:type" content="image/png" />
<meta name="twitter:card" content="summary_large_image" />
<script type="application/ld+json" class="yoast-schema-graph">{"@context":"https://schema.org","@graph":[{"@type":"WebPage","@id":"https://carboagricola.com/index.php/producto/lena-de-pino/","url":"https://carboagricola.com/index.php/producto/lena-de-pino/","name":"Leña de Pino - Carbo Agrícola Colombia","isPartOf":{"@id":"https://carboagricola.com/#website"},"primaryImageOfPage":{"@id":"https://carboagricola.com/index.php/producto/lena-de-pino/#primaryimage"},"image":{"@id":"https://carboagricola.com/index.php/producto/lena-de-pino/#primaryimage"},"thumbnailUrl":"https://carboagricola.com/wp-content/uploads/2019/12/lea-de-pino.png","datePublished":"2019-12-10T22:37:18+00:00","dateModified":"2021-07-07T08:06:26+00:00","breadcrumb":{"@id":"https://carboagricola.com/index.php/producto/lena-de-pino/#breadcrumb"},"inLanguage":"es","potentialAction":[{"@type":"ReadAction","target":["https://carboagricola.com/index.php/producto/lena-de-pino/"]}]},{"@type":"ImageObject","inLanguage":"es","@id":"https://carboagricola.com/index.php/producto/lena-de-pino/#primaryimage","url":"https://carboagricola.com/wp-content/uploads/2019/12/lea-de-pino.png","contentUrl":"https://carboagricola.com/wp-content/uploads/2019/12/lea-de-pino.png","width":696,"height":696},{"@type":"BreadcrumbList","@id":"https://carboagricola.com/index.php/producto/lena-de-pino/#breadcrumb","itemListElement":[{"@type":"ListItem","position":1,"name":"Portada","item":"https://carboagricola.com/"},{"@type":"ListItem","position":2,"name":"Tienda","item":"https://carboagricola.com/index.php/tienda/"},{"@type":"ListItem","position":3,"name":"Leña de Pino"}]},{"@type":"WebSite","@id":"https://carboagricola.com/#website","url":"https://carboagricola.com/","name":"Carbo Agrícola Colombia","description":"","potentialAction":[{"@type":"SearchAction","target":{"@type":"EntryPoint","urlTemplate":"https://carboagricola.com/?s={search_term_string}"},"query-input":"required name=search_term_string"}],"inLanguage":"es"}]}</script>
<!-- / Yoast SEO plugin. -->

Leña de Pino - Carbo Agrícola Colombia

Astillas leña de pino empacadas en atado.  Para iniciar el fuego por su consumo rápido  Usos: chimenea, fogata, asado, lomo al trapo   Envíos a Bogotá y alrededores

Carbo Agrícola Colombia
